{"id":18712,"date":"2017-09-12T17:00:41","date_gmt":"2017-09-12T15:00:41","guid":{"rendered":"https:\/\/www.lacoifferie.ch\/?page_id=18712"},"modified":"2017-09-12T17:00:41","modified_gmt":"2017-09-12T15:00:41","slug":"olaplex","status":"publish","type":"page","link":"https:\/\/www.lacoifferie.ch\/?page_id=18712","title":{"rendered":"Olaplex"},"content":{"rendered":"<div class=\"wpb-content-wrapper\"><div     class=\"vc_row wpb_row section \" style=' text-align:left;'><div class=\" full_section_inner clearfix\"><div class=\"wpb_column vc_column_container vc_col-sm-12\"><div class=\"vc_column-inner\"><div class=\"wpb_wrapper\">\n\t<div class=\"wpb_text_column wpb_content_element \">\n\t\t<div class=\"wpb_wrapper\">\n\t\t\t<h1 style=\"text-align: center;\">L&rsquo;assurance beaut\u00e9 et sant\u00e9 des cheveux<\/h1>\n<h2 style=\"text-align: center;\">Olaplex, l&rsquo;ingr\u00e9dient\u00a0qui change tout<\/h2>\n\n\t\t<\/div> \n\t<\/div> <div class=\"vc_empty_space\"   style=\"height: 20px\"><span class=\"vc_empty_space_inner\"><\/span><\/div>\n\t<div class=\"wpb_single_image wpb_content_element vc_align_center\">\n\t\t<div class=\"wpb_wrapper\">\n\t\t\t\n\t\t\t<div class=\"vc_single_image-wrapper   vc_box_border_grey\"><img loading=\"lazy\" decoding=\"async\" width=\"1260\" height=\"400\" src=\"https:\/\/www.lacoifferie.ch\/new\/wp-content\/uploads\/2017\/09\/Olaplex-Banner.jpg\" class=\"vc_single_image-img attachment-full\" alt=\"\" title=\"Olaplex-Banner\" srcset=\"https:\/\/www.lacoifferie.ch\/new\/wp-content\/uploads\/2017\/09\/Olaplex-Banner.jpg 1260w, https:\/\/www.lacoifferie.ch\/new\/wp-content\/uploads\/2017\/09\/Olaplex-Banner-300x95.jpg 300w, https:\/\/www.lacoifferie.ch\/new\/wp-content\/uploads\/2017\/09\/Olaplex-Banner-768x244.jpg 768w, https:\/\/www.lacoifferie.ch\/new\/wp-content\/uploads\/2017\/09\/Olaplex-Banner-1024x325.jpg 1024w, https:\/\/www.lacoifferie.ch\/new\/wp-content\/uploads\/2017\/09\/Olaplex-Banner-600x190.jpg 600w\" sizes=\"auto, (max-width: 1260px) 100vw, 1260px\" \/><\/div>\n\t\t<\/div>\n\t<\/div>\n<div class=\"vc_empty_space\"   style=\"height: 20px\"><span class=\"vc_empty_space_inner\"><\/span><\/div>\n\t<div class=\"wpb_text_column wpb_content_element \">\n\t\t<div class=\"wpb_wrapper\">\n\t\t\t<h1 style=\"text-align: center;\">OLAPLEX, UNE INNOVATION MAJEURE POUR LES SALONS DE COIFFURE<\/h1>\n<p style=\"text-align: center;\">Misez sur le blond ! Vous pouvez d\u00e9sormais tout tenter sans plus jamais ab\u00eemer vos cheveux. Sur les shootings photos comme en salon de coiffure, les coloristes n&rsquo;ont plus d&rsquo;appr\u00e9hension, les cheveux de leur cliente ne seront plus jamais ab\u00eem\u00e9s.<\/p>\n<p style=\"text-align: center;\">Vous \u00eates libre d&rsquo;utiliser Olaplex comme un outil ou comme un nouveau service \u00e0 part enti\u00e8re. Si vous utilisez Olaplex comme un outil, il faut incorporer Olaplex Bond Multiplier N\u00b01 \u00e0 votre m\u00e9lange poudre d\u00e9colorante ou coloration + oxydant et terminer par l&rsquo;application du Bond Perfector N\u00b02 apr\u00e8s le rin\u00e7age de la couleur afin d&rsquo;\u00e9viter que les cheveux ne cassent ou ne soient sensibilis\u00e9s.<\/p>\n<p style=\"text-align: center;\">Boostez les ventes d&rsquo;Olaplex en l&rsquo;offrant sous la forme d&rsquo;un nouveau service professionnel. Incluez dans ce cas le Hair Perfector N\u00b03. Vos clientes l&#8217;emporteront \u00e0 la maison et l&rsquo;appliqueront 1 fois par semaine pour prolonger les bienfaits d&rsquo;Olaplex et pr\u00e9parer les cheveux \u00e0 la prochaine coloration ou d\u00e9coloration. Hair Perfector N\u00b03 est un soin aux bienfaits \u00e9tonnants que des centaines de clients ont pu constater sur leur cheveux.<\/p>\n<h2 style=\"text-align: center;\">OLAPLEX&#8230; QU&rsquo;EST-CE QUE C&rsquo;EST EXACTEMENT ?<\/h2>\n<p style=\"text-align: center;\">Un ingr\u00e9dient original qui a le pouvoir de multiplier les ponts disulfures ou r\u00e9parer les ponts rompus. Il n&rsquo;y en a qu&rsquo;un !<\/p>\n<p style=\"text-align: center;\">Nous avons commenc\u00e9 par trouver deux des meilleurs chercheurs mondiaux en mat\u00e9riaux et chimie. Ils n&rsquo;avaient jamais travaill\u00e9 sur les cheveux auparavant, Dr Eric Pressly et Dr Craig Hawker. Gr\u00e2ce \u00e0 cette nouvelle perspective, cette \u00e9quipe de r\u00eave a mis au point un ingr\u00e9dient synth\u00e9tique unique, sans silicone, ni huile min\u00e9rale, qui relie les ponts rompus au sein des cheveux pendant et apr\u00e8s le protocole de coloration ou d\u00e9coloration, rendant les cheveux plus forts qu&rsquo;au naturel. Vous \u00eates sceptique ? Nous vous invitons \u00e0 aller v\u00e9rifier ce que disent les meilleurs coiffeurs\/coloristes au sujet d&rsquo;Olaplex sur les r\u00e9seaux sociaux. Vous verrez, l&rsquo;essayer c&rsquo;est l&rsquo;adopter !<\/p>\n\n\t\t<\/div> \n\t<\/div> <div class=\"vc_empty_space\"   style=\"height: 20px\"><span class=\"vc_empty_space_inner\"><\/span><\/div>\n\t<div class=\"wpb_single_image wpb_content_element vc_align_center\">\n\t\t<div class=\"wpb_wrapper\">\n\t\t\t\n\t\t\t<div class=\"vc_single_image-wrapper   vc_box_border_grey\"><img loading=\"lazy\" decoding=\"async\" width=\"451\" height=\"560\" src=\"https:\/\/www.lacoifferie.ch\/new\/wp-content\/uploads\/2017\/09\/product3.jpg\" class=\"vc_single_image-img attachment-full\" alt=\"\" title=\"product3\" srcset=\"https:\/\/www.lacoifferie.ch\/new\/wp-content\/uploads\/2017\/09\/product3.jpg 451w, https:\/\/www.lacoifferie.ch\/new\/wp-content\/uploads\/2017\/09\/product3-242x300.jpg 242w\" sizes=\"auto, (max-width: 451px) 100vw, 451px\" \/><\/div>\n\t\t<\/div>\n\t<\/div>\n<div class=\"vc_empty_space\"   style=\"height: 20px\"><span class=\"vc_empty_space_inner\"><\/span><\/div><\/div><\/div><\/div><\/div><\/div>\n<\/div>","protected":false},"excerpt":{"rendered":"L'assurance beaut\u00e9 et sant\u00e9 des cheveux Olaplex, l'ingr\u00e9dient\u00a0qui change tout OLAPLEX, UNE INNOVATION MAJEURE POUR LES SALONS DE COIFFURE Misez sur le blond ! Vous pouvez d\u00e9sormais tout tenter sans plus jamais ab\u00eemer vos cheveux. Sur les shootings photos comme en salon de coiffure, les...","protected":false},"author":3,"featured_media":0,"parent":0,"menu_order":0,"comment_status":"closed","ping_status":"open","template":"","meta":{"footnotes":""},"class_list":["post-18712","page","type-page","status-publish","hentry"],"yoast_head":"<!-- This site is optimized with the Yoast SEO plugin v27.1.1 - https:\/\/yoast.com\/product\/yoast-seo-wordpress\/ -->\n<title>Olaplex - La Coifferie par V\u00e9ronique Buchs - salon de coiffure \u00e0 Vevey<\/title>\n<meta name=\"robots\" content=\"index, follow, max-snippet:-1, max-image-preview:large, max-video-preview:-1\" \/>\n<link rel=\"canonical\" href=\"https:\/\/www.lacoifferie.ch\/?page_id=18712\" \/>\n<meta property=\"og:locale\" content=\"fr_FR\" \/>\n<meta property=\"og:type\" content=\"article\" \/>\n<meta property=\"og:title\" content=\"Olaplex - La Coifferie par V\u00e9ronique Buchs - salon de coiffure \u00e0 Vevey\" \/>\n<meta property=\"og:url\" content=\"https:\/\/www.lacoifferie.ch\/?page_id=18712\" \/>\n<meta property=\"og:site_name\" content=\"La Coifferie par V\u00e9ronique Buchs - salon de coiffure \u00e0 Vevey\" \/>\n<meta property=\"article:publisher\" content=\"https:\/\/www.facebook.com\/lacoifferievevey\" \/>\n<meta name=\"twitter:card\" content=\"summary_large_image\" \/>\n<meta name=\"twitter:label1\" content=\"Dur\u00e9e de lecture estim\u00e9e\" \/>\n\t<meta name=\"twitter:data1\" content=\"2 minutes\" \/>\n<script type=\"application\/ld+json\" class=\"yoast-schema-graph\">{\"@context\":\"https:\/\/schema.org\",\"@graph\":[{\"@type\":\"WebPage\",\"@id\":\"https:\/\/www.lacoifferie.ch\/?page_id=18712\",\"url\":\"https:\/\/www.lacoifferie.ch\/?page_id=18712\",\"name\":\"Olaplex - La Coifferie par V\u00e9ronique Buchs - salon de coiffure \u00e0 Vevey\",\"isPartOf\":{\"@id\":\"https:\/\/www.lacoifferie.ch\/#website\"},\"datePublished\":\"2017-09-12T15:00:41+00:00\",\"breadcrumb\":{\"@id\":\"https:\/\/www.lacoifferie.ch\/?page_id=18712#breadcrumb\"},\"inLanguage\":\"fr-FR\",\"potentialAction\":[{\"@type\":\"ReadAction\",\"target\":[\"https:\/\/www.lacoifferie.ch\/?page_id=18712\"]}]},{\"@type\":\"BreadcrumbList\",\"@id\":\"https:\/\/www.lacoifferie.ch\/?page_id=18712#breadcrumb\",\"itemListElement\":[{\"@type\":\"ListItem\",\"position\":1,\"name\":\"Accueil\",\"item\":\"https:\/\/www.lacoifferie.ch\/\"},{\"@type\":\"ListItem\",\"position\":2,\"name\":\"Olaplex\"}]},{\"@type\":\"WebSite\",\"@id\":\"https:\/\/www.lacoifferie.ch\/#website\",\"url\":\"https:\/\/www.lacoifferie.ch\/\",\"name\":\"La Coifferie par V\u00e9ronique Buchs - salon de coiffure \u00e0 Vevey\",\"description\":\"Pour votre bien \u00eatre ...\",\"publisher\":{\"@id\":\"https:\/\/www.lacoifferie.ch\/#organization\"},\"potentialAction\":[{\"@type\":\"SearchAction\",\"target\":{\"@type\":\"EntryPoint\",\"urlTemplate\":\"https:\/\/www.lacoifferie.ch\/?s={search_term_string}\"},\"query-input\":{\"@type\":\"PropertyValueSpecification\",\"valueRequired\":true,\"valueName\":\"search_term_string\"}}],\"inLanguage\":\"fr-FR\"},{\"@type\":\"Organization\",\"@id\":\"https:\/\/www.lacoifferie.ch\/#organization\",\"name\":\"La Coifferie par V\u00e9ronique Buchs - salon de coiffure \u00e0 Vevey\",\"url\":\"https:\/\/www.lacoifferie.ch\/\",\"logo\":{\"@type\":\"ImageObject\",\"inLanguage\":\"fr-FR\",\"@id\":\"https:\/\/www.lacoifferie.ch\/#\/schema\/logo\/image\/\",\"url\":\"https:\/\/www.lacoifferie.ch\/new\/wp-content\/uploads\/2014\/09\/logo2017_black-1.png\",\"contentUrl\":\"https:\/\/www.lacoifferie.ch\/new\/wp-content\/uploads\/2014\/09\/logo2017_black-1.png\",\"width\":376,\"height\":190,\"caption\":\"La Coifferie par V\u00e9ronique Buchs - salon de coiffure \u00e0 Vevey\"},\"image\":{\"@id\":\"https:\/\/www.lacoifferie.ch\/#\/schema\/logo\/image\/\"},\"sameAs\":[\"https:\/\/www.facebook.com\/lacoifferievevey\",\"https:\/\/www.instagram.com\/lacoifferievevey\/\"]}]}<\/script>\n<!-- \/ Yoast SEO plugin. -->","yoast_head_json":{"title":"Olaplex - La Coifferie par V\u00e9ronique Buchs - salon de coiffure \u00e0 Vevey","robots":{"index":"index","follow":"follow","max-snippet":"max-snippet:-1","max-image-preview":"max-image-preview:large","max-video-preview":"max-video-preview:-1"},"canonical":"https:\/\/www.lacoifferie.ch\/?page_id=18712","og_locale":"fr_FR","og_type":"article","og_title":"Olaplex - La Coifferie par V\u00e9ronique Buchs - salon de coiffure \u00e0 Vevey","og_url":"https:\/\/www.lacoifferie.ch\/?page_id=18712","og_site_name":"La Coifferie par V\u00e9ronique Buchs - salon de coiffure \u00e0 Vevey","article_publisher":"https:\/\/www.facebook.com\/lacoifferievevey","twitter_card":"summary_large_image","twitter_misc":{"Dur\u00e9e de lecture estim\u00e9e":"2 minutes"},"schema":{"@context":"https:\/\/schema.org","@graph":[{"@type":"WebPage","@id":"https:\/\/www.lacoifferie.ch\/?page_id=18712","url":"https:\/\/www.lacoifferie.ch\/?page_id=18712","name":"Olaplex - La Coifferie par V\u00e9ronique Buchs - salon de coiffure \u00e0 Vevey","isPartOf":{"@id":"https:\/\/www.lacoifferie.ch\/#website"},"datePublished":"2017-09-12T15:00:41+00:00","breadcrumb":{"@id":"https:\/\/www.lacoifferie.ch\/?page_id=18712#breadcrumb"},"inLanguage":"fr-FR","potentialAction":[{"@type":"ReadAction","target":["https:\/\/www.lacoifferie.ch\/?page_id=18712"]}]},{"@type":"BreadcrumbList","@id":"https:\/\/www.lacoifferie.ch\/?page_id=18712#breadcrumb","itemListElement":[{"@type":"ListItem","position":1,"name":"Accueil","item":"https:\/\/www.lacoifferie.ch\/"},{"@type":"ListItem","position":2,"name":"Olaplex"}]},{"@type":"WebSite","@id":"https:\/\/www.lacoifferie.ch\/#website","url":"https:\/\/www.lacoifferie.ch\/","name":"La Coifferie par V\u00e9ronique Buchs - salon de coiffure \u00e0 Vevey","description":"Pour votre bien \u00eatre ...","publisher":{"@id":"https:\/\/www.lacoifferie.ch\/#organization"},"potentialAction":[{"@type":"SearchAction","target":{"@type":"EntryPoint","urlTemplate":"https:\/\/www.lacoifferie.ch\/?s={search_term_string}"},"query-input":{"@type":"PropertyValueSpecification","valueRequired":true,"valueName":"search_term_string"}}],"inLanguage":"fr-FR"},{"@type":"Organization","@id":"https:\/\/www.lacoifferie.ch\/#organization","name":"La Coifferie par V\u00e9ronique Buchs - salon de coiffure \u00e0 Vevey","url":"https:\/\/www.lacoifferie.ch\/","logo":{"@type":"ImageObject","inLanguage":"fr-FR","@id":"https:\/\/www.lacoifferie.ch\/#\/schema\/logo\/image\/","url":"https:\/\/www.lacoifferie.ch\/new\/wp-content\/uploads\/2014\/09\/logo2017_black-1.png","contentUrl":"https:\/\/www.lacoifferie.ch\/new\/wp-content\/uploads\/2014\/09\/logo2017_black-1.png","width":376,"height":190,"caption":"La Coifferie par V\u00e9ronique Buchs - salon de coiffure \u00e0 Vevey"},"image":{"@id":"https:\/\/www.lacoifferie.ch\/#\/schema\/logo\/image\/"},"sameAs":["https:\/\/www.facebook.com\/lacoifferievevey","https:\/\/www.instagram.com\/lacoifferievevey\/"]}]}},"_links":{"self":[{"href":"https:\/\/www.lacoifferie.ch\/index.php?rest_route=\/wp\/v2\/pages\/18712","targetHints":{"allow":["GET"]}}],"collection":[{"href":"https:\/\/www.lacoifferie.ch\/index.php?rest_route=\/wp\/v2\/pages"}],"about":[{"href":"https:\/\/www.lacoifferie.ch\/index.php?rest_route=\/wp\/v2\/types\/page"}],"author":[{"embeddable":true,"href":"https:\/\/www.lacoifferie.ch\/index.php?rest_route=\/wp\/v2\/users\/3"}],"replies":[{"embeddable":true,"href":"https:\/\/www.lacoifferie.ch\/index.php?rest_route=%2Fwp%2Fv2%2Fcomments&post=18712"}],"version-history":[{"count":1,"href":"https:\/\/www.lacoifferie.ch\/index.php?rest_route=\/wp\/v2\/pages\/18712\/revisions"}],"predecessor-version":[{"id":18715,"href":"https:\/\/www.lacoifferie.ch\/index.php?rest_route=\/wp\/v2\/pages\/18712\/revisions\/18715"}],"wp:attachment":[{"href":"https:\/\/www.lacoifferie.ch\/index.php?rest_route=%2Fwp%2Fv2%2Fmedia&parent=18712"}],"curies":[{"name":"wp","href":"https:\/\/api.w.org\/{rel}","templated":true}]}}